12) + -5?
0
What is (-5 - 1) + (3 - 1)?
-4
Calculate 0 + 0 + (-2 - -4) + -2.
0
0 + 0 - (-5 - (-1 + -8))
-4
4 - 7 - -7 - 8
-4
What is 4 + -1 + 1 + (-15 - -15)?
4
What is the value of (-4 + 1 - -5) + -4?
-2
Evaluate (3 - 1) + 1 + -4 - -3.
2
What is (-4 - 8 - 0) + 15?
3
Calculate 4 - -1 - 13 - -3.
-5
10 - (10 - (-10 - -11))
1
Evaluate -7 + 2 + 2 + (-26 - -28).
-1
Calculate (88 - 83) + (-7 - 1).
-3
Evaluate -3 + -1 + (-2 - -3).
-3
Evaluate 5 + -5 - (1 - (4 + 2)).
5
(5 + -3 - 1) + -2
-1
What is -3 + -1 + (-138 - -141)?
-1
Calculate 12 - 0 - (0 - (-4 + -2)).
6
What is the value of 2 + 1 - (-4 + 9) - -1?
-1
What is -6 + (-3 - -4) - (9 + -10)?
-4
What is (3 - (0 + 1)) + (-3 - -6)?
5
Evaluate (0 - (3 + -3 + 3)) + -1.
-4
Calculate 2 + -3 + -3 + 0.
-4
Evaluate (2 - 1 - -5) + -4 + 4.
6
What is -3 + 10 + (31 - 41)?
-3
(4 - 1) + 0 + (17 - 18)
2
-1 + -4 + (3 - 2)
-4
Evaluate (0 - -3) + (0 - (-5 - -4)).
4
What is -1 - (-4 - (-3 + (1 - 1)))?
0
-7 + (1 - -5) - (-2 - 6)
7
What is the value of (-2 - 0) + (-9 + 4 - -12)?
5
-7 - -1 - ((-4 - -2) + 3)
-7
Calculate -11 - (2 - (16 - 11)).
-8
What is -1 + -6 + 3 - 0?
-4
Evaluate -6 + (-7 - -5) + 5.
-3
Calculate (17 - (-3 + 5)) + -9.
6
Calculate -7 - (2 + -10 - (-3 - 0)).
-2
What is (0 - (1 + -2)) + (174 - 172)?
3
What is (-3 + 4 - 8) + 8?
1
What is 2 + 6 + -1 + -5?
2
-7 + 10 + (-4 - 1)
-2
What is the value of -6 + (12 + -3 + -1 - 3)?
-1
What is 0 + (2 - -2) - 2 - -4?
6
What is the value of -2 - 1 - (-11 + 15 + -6)?
-1
Evaluate (-1 - 4) + 3 - 0.
-2
Calculate ((-1 - 4) + 1 - -5) + -2.
-1
Evaluate (-7 + 7 + 6 - 10) + 3.
-1
Calculate -7 + (-2 - 0 - (-22 + 16)).
-3
-2 + 5 + 2 - 2
3
What is the value of (32 - 37) + 1 + 5?
1
(4 - 3) + 3 + -7
-3
What is (1 - 1) + 2 - 1?
1
What is the value of 3 - (-1 - (3 + -5) - -2)?
0
Evaluate -5 - 1 - (5 - (5 + 3)).
-3
Calculate -1 - 3 - (-1 - (-4 + 3)).
-4
2 - (0 + -3 + 3) - 0
2
Evaluate (-7 - -3) + 17 - (3 + 2).
8
(2 + (-5 - -4) - -1) + 1
3
What is the value of (-7 - (0 + -3)) + -1?
-5
What is the value of -4 + (2 - (-1 - 2)) + -5?
-4
What is the value of (19 - 1) + -13 + -10?
-5
What is the value of 8 + (-7 - 14) - -7?
-6
Calculate -26 + 21 - (2 + -5 + -1).
-1
Calculate (-3 - 0 - -2) + 1 - 0.
0
4 + -1 + 7 + -4 + -1
5
What is 4 + (7 - 10 - -4)?
5
Calculate (3 - (-6 - -12)) + 1.
-2
-57 + 61 - (1 - 4 - -1)
6
What is the value of 12 - (17 - 5 - 8)?
8
What is the value of -1 + 12 - 16 - (-1 + -3)?
-1
What is -5 - (-5 + -2 + 0)?
2
Calculate 3 + (0 - -5 - 4) + -6.
-2
(-10 - (3 + -11)) + (4 - -2)
4
Evaluate 10 + (4 - -2 - 18).
-2
Evaluate -10 + 1 + 1 + 6 + -2.
-4
What is the value of 7 + -4 - (5 - 2)?
0
What is the value of 8 - (6 - (6 + -11 + 10))?
7
4 + -5 + -12 + 6
-7
What is 2 - 2 - (1 + -4)?
3
Calculate -1 + (2 - 0) + 3.
4
What is -4 - (-11 - 6 - -3)?
10
2 + 0 - (2 + -4 + 1)
3
What is -4 - -6 - (-5 + 6)?
1
What is 1 + 5 + (-2 - -21 - 27)?
-2
Calculate 0 + (-5 + 3 - 4).
-6
What is the value of (0 - -1) + 2 - (-3 - -3)?
3
Evaluate 1 - (1 - 8) - 12.
-4
What is the value of 0 - -2 - -4 - 1?
5
What is -7 - -5 - ((0 - -4) + -7)?
1
What is (-1 - -5) + 6 - 8?
2
55 + -59 - (-10 - 0)
6
Calculate 4 - (-2 + 4 - -1).
1
Evaluate ((-2 - 4) + 3 - -1) + -2.
-4
1 + ((-5 - 0) + 8 - -2)
6
2 + -1 + -10 + 8 + -2
-3
5 - ((7 - 0 - 9) + 7)
0
5 + -4 + 2 + 3
6
(28 + -12 - 9) + -2
5
What is (-5 + 0 - -11) + 0?
6
Evaluate -31 + 29 - (-3 - (0 + -1)).
0
Evaluate -3 + (-1 - (0 - -3 - 5)).
-2
What is the value of 4 - ((-2 - -5) + 1)?
0
What is the value of -3 + 1 + -6 + 2?
-6
What is the value of -6 + 0 + 1 + 9 + -9?
-5
What is the value of (-3 - (5 - 6)) + (-3 - 0)?
-5
-6 + (-6 - (-5 - -2) - -14)
5
(1 - -12 - 8) + 0 + -2
3
What is the value of 17 - ((1 - -20) + -12)?
8
What is 4 + (12 - (8 - -2))?
6
What is (18 - 25) + -5 + 18?
6
What is the value of (-9 - -2 - 0) + 3?
-4
Evaluate 4 + -18 + (-5 + 4 - -10).
-5
Calculate -16 + (-4 + 5 - -7).
-8
What is the value of (2 - 0) + 0 - 1?
1
Evaluate -6 + -1 + -9 + 10 + 1.
-5
What is the value of (2 - 5) + 1 + 0 - -3?
1
-2 - (-1 - (11 - 10))
0
4 - (-4 + (3 - -1) + 6)
-2
What is (-8 - (4 - -2)) + 9?
-5
-3 + (-7 + 4 - -1)
-5
What is the value of -1 + 2 + 4 + -9 + 6?
2
What is -2 - (1 + (2 - 7))?
2
7 - (-5 - 3) - 12
3
What is -16 - -8 - -4 - (-5 - -1)?
0
Calculate -6 - (-2 + 8 - 6).
-6
Calculate -3 + 1 + -2 - 1.
-5
Calculate 10 + -7 - (-2 + 5).
0
Evaluate -1 + 5 - 8 - 1.
-5
Evaluate (3 - 2) + 3 + -3.
1
(1 - 0 - 5) + (-6 - -7)
-3
-2 - 1 - (-95 + 91)
1
What is the value of (-3 - (6 - 13)) + -6 + -2?
-4
Calculate 1 - (0 + 1 + 3).
-3
What is the value of -6 + 3 - (-14 + 11)?
0
What is 13 - 10 - (0 - (-7 - 0))?
-4
Evaluate -2 + 10 + (-2 - 2).
4
1 + -10 - (-31 + 15)
7
Evaluate (-7 - 4 - -1) + 2 + 0.
-8
Calculate 1 + (2 - -1) - (-12 + 12).
4
Calculate (-4 - -1) + -3 + 8.
2
What is the value of -6 + (3 - -7) + (0 - 7)?
-3
What is -15 + 10 - (-6 + 0 - -4)?
-3
Calculate 2 - (0 - -5 - (0 - 3)).
-6
0 + (-1 + 3 - (-3 + 2))
3
(-10 - -1) + 12 + -7
-4
Calculate -177 - -186 - (-1 + 12).
-2
What is the value of -1 + (13 - 7 - 2) - 9?
-6
What is the value of -3 - (-7 - (18 + -13))?
9
Evaluate 1 + 2 + -1 - (0 - 2).
4
What is (-161 - -150) + (1 - -13)?
3
0 + (0 - 2) - (0 - 1)
-1
Evaluate (1 - (1 + -5)) + -2.
3
-4 + (4 - -1) - (-3 - -7)
-3
What is the value of 6 + (3 - (9 - 1))?
1
What is the value of 3 - ((2 + 0 - 2) + 7)?
-4
What is -2 - (-2 + 3) - -1?
-2
What is the value of -3 - (3 - (-3 + 4 - -4))?
-1
What is -3 + -2 + 2 + 1?
-2
What is (11 - 4) + -1 - 0?
6
What is the value of (-23 - -6) + 7 - -7?
-3
What is 4 - (1 + -2 + 4)?
1
What is the value of (1 - -9) + 61 + -72?
-1
Calculate 4 + (-7 - (7 + -6)).
-4
-1 - -1 - (-10 - -15)
-5
What is the value of -4 + (14 - 10) + 2 + 5?
7
Evaluate 38 + -34 + (4 - 2).
6
Calculate 1 + -11 - (10 + -18).
-2
-5 + (4 + -5 + 5 - 4)
-5
What is the value of 4 - (5 - 4) - (-1 + 9)?
-5
What is 0 - 7 - ((-3 - 24) + 17)?
3
Calculate -10 + 19 + (4 - 6).
7
What is (6 - 6) + 0 + -5?
-5
Evaluate 0 + (-2 - -4 - 2) + 1.
1
What is the value of 0 + (5 - (8 - 4))?
1
Evaluate 0 + -2 + 2 + -2 + -2.
-4
What is (-1 - 5) + (-17 - -8 - -21)?
6
(-5 - (0 - 2)) + 9 + -1
5
Calculate (4 - (13 + 7)) + 13.
-3
Evaluate (-3 - (-5 - -3)) + -4 - -5.
0
Evaluate 1 - (3 - 1) - -3.
2
What is 8 + -2 + -1 - 1?
4
(-6 - -2) + 4 + -4
-4
Evaluate -2 + 1 + -7 + 4 + 10.
6
What is the value of 5 - (10 + 5 + 3 + -7)?
-6
What is the value of -73 - -79 - ((2 - 5) + 13)?
-4
Calculate -10 + 10 - (3 - -1).
-4
Evaluate (6 - 2) + (-1 + -5 - -1).
-1
What is 5 + (6 - 9) - 6?
-4
What is 3 + -3 + -1 + -4 + 2?
-3
0 - (-20 + 18 - (-3 - 0))
-1
0 - (3 + 3 + -11)
5
-2 - -11 - (7 - 4)
6
0 + (-15 - (-5 - 0)) + 5
-5
Evaluate 2 + -4 + (6 - 0) + 2.
6
45 - 36 - (4 + 1)
4
Calculate -5 - (-2 + -2) - 4.
-5
What is -2 + 1 + 2 + -26 + 20?
-5
Calculate (-11 + 8 - (-6 + 1)) + 0.
2
-5 - -1 - (-9 + 8)
-3
What is the value of (-1 - 2) + 4 + -2?
-1
What is the value of -2 - -3 - 3 - 3?
-5
What is (1 - (2 + -5) - 0) + 1?
5
What is 9 - -6 - 6 - 6 - -8?
11
What is (11 + -9 - -2) + 0 + 3?
7
What is the value of 1 + -5 + -2 + 2 + 6?
2
Calculate -1 - (-2 - -6) - (-22 + 22).
-5
What is 6 + -5 + (-13 - -8)?
-4
What is the value of 5 + (-4 - -6) + -5 - -1?
3
-1 + -15 - (-134 - -126)
-8
-4 + 2 + (12 - (6 - 6))
10
What is the value of -5 + 5 - -1 - 6?
-5
Evaluate 1 + -2 + -9 + 9.
-1
Calculate (-4 - -1 - (-2 + 0)) + 4.
3
Calculate (-8 - -1) + (-53 - -59).
-1
Evaluate -2 + -5 + (20 - 18).
-5
-25 + 22 + (2 - -2)
1
What is the value of (4 - (6 + -4)) + -6?
-4
Calculate -2 - -1 - (4 + -18 + 8).
5
Calculate -2 + 6 + (1 - (4 + -3)).
4
Evaluate -6 + 3 + -1 + 1 + 4.
1
(-37 - -38) + 4 + 1 + -1
5
What is the value of -33 + 26 + 0 + (20 - 4)?
9
What is the value of 2 + (4 - (6 - 5))?
5
Calculate -3 - (-11 + 8 + -1).
1
2 - ((8 - 3) + -10 + 11)
-4
What is 42 - 33 - (2 - (-4 + 2))?
5
Calculate -1 + 1 - (-7 + 7 + -1).
1
Evaluate 7 + -14 + 4 + 6.
3
Evaluate -8 + -3 + (-1 - -7) + 3.
-2
What is 21 + -7 + -11 + -4?
-1
Evaluate -23 + 27 - (-1 - (-1 - 0)).
4
3 + 2 - 15 - -6
-4
Calculate 74 + -81 + 10 + -3 + 3.
3
Calculate -7 + 1 + 9 + (12 - 15).
0
Calculate (-2 - 0 - (3 - 5)) + -4.
-4
What is the value of -9 - (-6 - -2) - -5?
0
Calculate -4 + (-4 - -3) + 8 - 7.
-4
-1 + -2 - (-23 - -24)
-4
What is the value of 0 - (2 - (0 - (4 - 1)))?
-5
-5 - ((3 - (-5 + 19)) + 2)
4
What is -1